{"id":9109,"date":"2025-10-05T13:19:54","date_gmt":"2025-10-05T13:19:54","guid":{"rendered":"https:\/\/grupocoruzzi.com.br\/coruzzi\/?page_id=9109"},"modified":"2025-10-05T13:21:34","modified_gmt":"2025-10-05T13:21:34","slug":"solucoespersonalizadas","status":"publish","type":"page","link":"https:\/\/grupocoruzzi.com.br\/coruzzi\/solucoespersonalizadas\/","title":{"rendered":"Solu\u00e7\u00f5es Log\u00edsticas Personalizadas"},"content":{"rendered":"\t\t<div data-elementor-type=\"wp-page\" data-elementor-id=\"9109\" class=\"elementor elementor-9109\" data-elementor-post-type=\"page\">\n\t\t\t\t<div class=\"elementor-element elementor-element-1c1d60f e-flex e-con-boxed e-con e-parent\" data-id=\"1c1d60f\" data-element_type=\"container\" data-settings=\"{&quot;background_background&quot;:&quot;classic&quot;,&quot;shape_divider_bottom&quot;:&quot;triangle&quot;}\">\n\t\t\t\t\t<div class=\"e-con-inner\">\n\t\t\t\t<div class=\"elementor-shape elementor-shape-bottom\" aria-hidden=\"true\" data-negative=\"false\">\n\t\t\t<svg xmlns=\"http:\/\/www.w3.org\/2000\/svg\" viewBox=\"0 0 1000 100\" preserveAspectRatio=\"none\">\n\t<path class=\"elementor-shape-fill\" d=\"M500,98.9L0,6.1V0h1000v6.1L500,98.9z\"\/>\n<\/svg>\t\t<\/div>\n\t\t\t\t\t<\/div>\n\t\t\t\t<\/div>\n\t\t<div class=\"elementor-element elementor-element-5a3985f e-flex e-con-boxed e-con e-parent\" data-id=\"5a3985f\" data-element_type=\"container\" data-settings=\"{&quot;background_background&quot;:&quot;classic&quot;}\">\n\t\t\t\t\t<div class=\"e-con-inner\">\n\t\t<div class=\"elementor-element elementor-element-b557850 e-con-full e-flex e-con e-child\" data-id=\"b557850\" data-element_type=\"container\">\n\t\t\t\t<div class=\"elementor-element elementor-element-f2780a3 elementor-widget elementor-widget-text-editor\" data-id=\"f2780a3\" data-element_type=\"widget\" data-widget_type=\"text-editor.default\">\n\t\t\t\t\t\t\t\t\t<div class=\"produto\"><p data-start=\"430\" data-end=\"709\">Na <strong data-start=\"433\" data-end=\"456\">Coruzzi Transportes<\/strong>, entendemos que cada cliente possui demandas \u00fanicas. Por isso, desenvolvemos <strong data-start=\"534\" data-end=\"572\">solu\u00e7\u00f5es log\u00edsticas personalizadas<\/strong>, que atendem desde o transporte de produtos em geral at\u00e9 opera\u00e7\u00f5es espec\u00edficas, com foco em <strong data-start=\"665\" data-end=\"706\">efici\u00eancia, seguran\u00e7a e flexibilidade<\/strong>.<\/p><p data-start=\"711\" data-end=\"1098\">\u00a0<\/p><p data-start=\"711\" data-end=\"1098\">Com uma <strong data-start=\"719\" data-end=\"752\">estrutura operacional moderna<\/strong>, <strong data-start=\"754\" data-end=\"773\">frota rastreada<\/strong> e <strong data-start=\"776\" data-end=\"807\">gest\u00e3o inteligente de rotas<\/strong>, oferecemos o suporte necess\u00e1rio para otimizar toda a cadeia log\u00edstica \u2014 do carregamento \u00e0 entrega final. Nosso objetivo \u00e9 <strong data-start=\"931\" data-end=\"966\">entregar mais do que transporte<\/strong>: \u00e9 oferecer <strong data-start=\"979\" data-end=\"1016\">estrat\u00e9gias log\u00edsticas sob medida<\/strong>, que agregam valor ao neg\u00f3cio e aumentam a competitividade de nossos parceiros.<\/p><p data-start=\"1100\" data-end=\"1379\">\u00a0<\/p><p data-start=\"1100\" data-end=\"1379\">A Coruzzi Transportes atua de forma <strong data-start=\"1136\" data-end=\"1164\">integrada e transparente<\/strong>, garantindo que cada opera\u00e7\u00e3o seja executada com <strong data-start=\"1214\" data-end=\"1279\">pontualidade, confiabilidade e total controle das informa\u00e7\u00f5es<\/strong>. Seja qual for o desafio, estamos prontos para criar a melhor rota para o sucesso da sua empresa.<\/p><p data-start=\"1100\" data-end=\"1379\">\u00a0<\/p><p data-start=\"1100\" data-end=\"1379\"><strong data-start=\"1384\" data-end=\"1440\">Quer uma solu\u00e7\u00e3o log\u00edstica feita para o seu neg\u00f3cio?<\/strong><br data-start=\"1440\" data-end=\"1443\" \/>Fale com nossa equipe e descubra como a Coruzzi Transportes pode desenvolver uma opera\u00e7\u00e3o sob medida para voc\u00ea.<\/p><\/div>\t\t\t\t\t\t\t\t<\/div>\n\t\t\t\t<\/div>\n\t\t<div class=\"elementor-element elementor-element-8df4219 e-con-full e-flex e-con e-child\" data-id=\"8df4219\" data-element_type=\"container\">\n\t\t\t\t<div class=\"elementor-element elementor-element-35ce329 elementor-invisible elementor-widget elementor-widget-image\" data-id=\"35ce329\" data-element_type=\"widget\" data-settings=\"{&quot;_animation&quot;:&quot;zoomIn&quot;}\" data-widget_type=\"image.default\">\n\t\t\t\t\t\t\t\t\t\t\t\t\t\t\t<img decoding=\"async\" width=\"580\" height=\"624\" src=\"https:\/\/grupocoruzzi.com.br\/coruzzi\/wp-content\/uploads\/2025\/10\/img-logisticaspersonalizadas.webp\" class=\"attachment-full size-full wp-image-9000\" alt=\"Solu\u00e7\u00f5es log\u00edsticas e personalizadas\" srcset=\"https:\/\/grupocoruzzi.com.br\/coruzzi\/wp-content\/uploads\/2025\/10\/img-logisticaspersonalizadas.webp 580w, https:\/\/grupocoruzzi.com.br\/coruzzi\/wp-content\/uploads\/2025\/10\/img-logisticaspersonalizadas-279x300.webp 279w\" sizes=\"(max-width: 580px) 100vw, 580px\" \/>\t\t\t\t\t\t\t\t\t\t\t\t\t\t\t<\/div>\n\t\t\t\t<\/div>\n\t\t\t\t\t<\/div>\n\t\t\t\t<\/div>\n\t\t<div class=\"elementor-element elementor-element-033b922 e-flex e-con-boxed e-con e-parent\" data-id=\"033b922\" data-element_type=\"container\">\n\t\t\t\t\t<div class=\"e-con-inner\">\n\t\t\t\t<div class=\"elementor-element elementor-element-f88f6fd elementor-widget elementor-widget-text-editor\" data-id=\"f88f6fd\" data-element_type=\"widget\" data-widget_type=\"text-editor.default\">\n\t\t\t\t\t\t\t\t\t<a href=\"javascript:window.history.go(-1)\" class=\"btn-voltar\" title=\"Voltar\">Voltar<\/a>\t\t\t\t\t\t\t\t<\/div>\n\t\t\t\t\t<\/div>\n\t\t\t\t<\/div>\n\t\t\t\t<\/div>\n\t\t","protected":false},"excerpt":{"rendered":"<p>Na Coruzzi Transportes, entendemos que cada cliente possui demandas \u00fanicas. Por isso, desenvolvemos solu\u00e7\u00f5es log\u00edsticas personalizadas, que atendem desde o transporte de produtos em geral at\u00e9 opera\u00e7\u00f5es espec\u00edficas, com foco em efici\u00eancia, seguran\u00e7a e flexibilidade. \u00a0 Com uma estrutura operacional moderna, frota rastreada e gest\u00e3o inteligente de rotas, oferecemos o suporte necess\u00e1rio para otimizar toda [&hellip;]<\/p>\n","protected":false},"author":1,"featured_media":0,"parent":0,"menu_order":0,"comment_status":"closed","ping_status":"closed","template":"elementor_header_footer","meta":{"_joinchat":[],"footnotes":""},"class_list":["post-9109","page","type-page","status-publish","hentry"],"_links":{"self":[{"href":"https:\/\/grupocoruzzi.com.br\/coruzzi\/wp-json\/wp\/v2\/pages\/9109","targetHints":{"allow":["GET"]}}],"collection":[{"href":"https:\/\/grupocoruzzi.com.br\/coruzzi\/wp-json\/wp\/v2\/pages"}],"about":[{"href":"https:\/\/grupocoruzzi.com.br\/coruzzi\/wp-json\/wp\/v2\/types\/page"}],"author":[{"embeddable":true,"href":"https:\/\/grupocoruzzi.com.br\/coruzzi\/wp-json\/wp\/v2\/users\/1"}],"replies":[{"embeddable":true,"href":"https:\/\/grupocoruzzi.com.br\/coruzzi\/wp-json\/wp\/v2\/comments?post=9109"}],"version-history":[{"count":0,"href":"https:\/\/grupocoruzzi.com.br\/coruzzi\/wp-json\/wp\/v2\/pages\/9109\/revisions"}],"wp:attachment":[{"href":"https:\/\/grupocoruzzi.com.br\/coruzzi\/wp-json\/wp\/v2\/media?parent=9109"}],"curies":[{"name":"wp","href":"https:\/\/api.w.org\/{rel}","templated":true}]}}