{"id":9104,"date":"2025-10-05T13:17:27","date_gmt":"2025-10-05T13:17:27","guid":{"rendered":"https:\/\/grupocoruzzi.com.br\/coruzzi\/?page_id=9104"},"modified":"2025-10-05T13:18:19","modified_gmt":"2025-10-05T13:18:19","slug":"transportedeoleos","status":"publish","type":"page","link":"https:\/\/grupocoruzzi.com.br\/coruzzi\/transportedeoleos\/","title":{"rendered":"Transporte de \u00d3leos Lubrificantes"},"content":{"rendered":"\t\t<div data-elementor-type=\"wp-page\" data-elementor-id=\"9104\" class=\"elementor elementor-9104\" data-elementor-post-type=\"page\">\n\t\t\t\t<div class=\"elementor-element elementor-element-1c1d60f e-flex e-con-boxed e-con e-parent\" data-id=\"1c1d60f\" data-element_type=\"container\" data-settings=\"{&quot;background_background&quot;:&quot;classic&quot;,&quot;shape_divider_bottom&quot;:&quot;triangle&quot;}\">\n\t\t\t\t\t<div class=\"e-con-inner\">\n\t\t\t\t<div class=\"elementor-shape elementor-shape-bottom\" aria-hidden=\"true\" data-negative=\"false\">\n\t\t\t<svg xmlns=\"http:\/\/www.w3.org\/2000\/svg\" viewBox=\"0 0 1000 100\" preserveAspectRatio=\"none\">\n\t<path class=\"elementor-shape-fill\" d=\"M500,98.9L0,6.1V0h1000v6.1L500,98.9z\"\/>\n<\/svg>\t\t<\/div>\n\t\t\t\t\t<\/div>\n\t\t\t\t<\/div>\n\t\t<div class=\"elementor-element elementor-element-5a3985f e-flex e-con-boxed e-con e-parent\" data-id=\"5a3985f\" data-element_type=\"container\" data-settings=\"{&quot;background_background&quot;:&quot;classic&quot;}\">\n\t\t\t\t\t<div class=\"e-con-inner\">\n\t\t<div class=\"elementor-element elementor-element-b557850 e-con-full e-flex e-con e-child\" data-id=\"b557850\" data-element_type=\"container\">\n\t\t\t\t<div class=\"elementor-element elementor-element-f2780a3 elementor-widget elementor-widget-text-editor\" data-id=\"f2780a3\" data-element_type=\"widget\" data-widget_type=\"text-editor.default\">\n\t\t\t\t\t\t\t\t\t<div class=\"produto\"><p data-start=\"387\" data-end=\"760\">A <strong data-start=\"389\" data-end=\"412\">Coruzzi Transportes<\/strong> \u00e9 especialista no <strong data-start=\"431\" data-end=\"479\">transporte rodovi\u00e1rio de \u00f3leos lubrificantes<\/strong>, oferecendo solu\u00e7\u00f5es seguras, eficientes e em total conformidade com as <strong data-start=\"552\" data-end=\"597\">normas ambientais e regulat\u00f3rias vigentes<\/strong>. Com mais de 15 anos de experi\u00eancia no setor, garantimos que cada opera\u00e7\u00e3o seja realizada com <strong data-start=\"692\" data-end=\"757\">responsabilidade t\u00e9cnica, rastreabilidade e controle rigoroso<\/strong>.<\/p><p data-start=\"387\" data-end=\"760\">\u00a0<\/p><p data-start=\"762\" data-end=\"1171\">Nossa <strong data-start=\"768\" data-end=\"868\">frota \u00e9 certificada e equipada para o transporte de produtos classificados como cargas especiais<\/strong>, atendendo integralmente \u00e0s exig\u00eancias da <strong data-start=\"911\" data-end=\"964\">Ag\u00eancia Nacional de Transportes Terrestres (ANTT)<\/strong> e \u00e0s legisla\u00e7\u00f5es ambientais aplic\u00e1veis. Cada motorista recebe <strong data-start=\"1027\" data-end=\"1097\">treinamento espec\u00edfico para manuseio e transporte de lubrificantes<\/strong>, assegurando a integridade do produto e a preserva\u00e7\u00e3o do meio ambiente.<\/p><p data-start=\"1173\" data-end=\"1461\">\u00a0<\/p><p data-start=\"1173\" data-end=\"1461\">A Coruzzi Transportes alia <strong data-start=\"1200\" data-end=\"1244\">tecnologia, seguran\u00e7a e sustentabilidade<\/strong> para entregar um servi\u00e7o confi\u00e1vel, que protege tanto o patrim\u00f4nio do cliente quanto o ecossistema. Nosso compromisso vai al\u00e9m do transporte: \u00e9 com a <strong data-start=\"1395\" data-end=\"1438\">qualidade, a conformidade e a confian\u00e7a<\/strong> que o mercado exige.<\/p><p data-start=\"1173\" data-end=\"1461\">\u00a0<\/p><p data-start=\"1173\" data-end=\"1461\"><strong data-start=\"1467\" data-end=\"1549\">Procura uma parceira s\u00f3lida e segura para o transporte de \u00f3leos lubrificantes?<\/strong><br data-start=\"1549\" data-end=\"1552\" \/>Entre em contato conosco e descubra como a Coruzzi Transportes pode oferecer a solu\u00e7\u00e3o ideal para o seu neg\u00f3cio.<\/p><\/div>\t\t\t\t\t\t\t\t<\/div>\n\t\t\t\t<\/div>\n\t\t<div class=\"elementor-element elementor-element-8df4219 e-con-full e-flex e-con e-child\" data-id=\"8df4219\" data-element_type=\"container\">\n\t\t\t\t<div class=\"elementor-element elementor-element-35ce329 elementor-invisible elementor-widget elementor-widget-image\" data-id=\"35ce329\" data-element_type=\"widget\" data-settings=\"{&quot;_animation&quot;:&quot;zoomIn&quot;}\" data-widget_type=\"image.default\">\n\t\t\t\t\t\t\t\t\t\t\t\t\t\t\t<img decoding=\"async\" width=\"580\" height=\"624\" src=\"https:\/\/grupocoruzzi.com.br\/coruzzi\/wp-content\/uploads\/2025\/10\/img-transporteoleos.webp\" class=\"attachment-full size-full wp-image-8999\" alt=\"Transporte de \u00f3leos lubrificantes\" srcset=\"https:\/\/grupocoruzzi.com.br\/coruzzi\/wp-content\/uploads\/2025\/10\/img-transporteoleos.webp 580w, https:\/\/grupocoruzzi.com.br\/coruzzi\/wp-content\/uploads\/2025\/10\/img-transporteoleos-279x300.webp 279w\" sizes=\"(max-width: 580px) 100vw, 580px\" \/>\t\t\t\t\t\t\t\t\t\t\t\t\t\t\t<\/div>\n\t\t\t\t<\/div>\n\t\t\t\t\t<\/div>\n\t\t\t\t<\/div>\n\t\t<div class=\"elementor-element elementor-element-033b922 e-flex e-con-boxed e-con e-parent\" data-id=\"033b922\" data-element_type=\"container\">\n\t\t\t\t\t<div class=\"e-con-inner\">\n\t\t\t\t<div class=\"elementor-element elementor-element-f88f6fd elementor-widget elementor-widget-text-editor\" data-id=\"f88f6fd\" data-element_type=\"widget\" data-widget_type=\"text-editor.default\">\n\t\t\t\t\t\t\t\t\t<a href=\"javascript:window.history.go(-1)\" class=\"btn-voltar\" title=\"Voltar\">Voltar<\/a>\t\t\t\t\t\t\t\t<\/div>\n\t\t\t\t\t<\/div>\n\t\t\t\t<\/div>\n\t\t\t\t<\/div>\n\t\t","protected":false},"excerpt":{"rendered":"<p>A Coruzzi Transportes \u00e9 especialista no transporte rodovi\u00e1rio de \u00f3leos lubrificantes, oferecendo solu\u00e7\u00f5es seguras, eficientes e em total conformidade com as normas ambientais e regulat\u00f3rias vigentes. Com mais de 15 anos de experi\u00eancia no setor, garantimos que cada opera\u00e7\u00e3o seja realizada com responsabilidade t\u00e9cnica, rastreabilidade e controle rigoroso. \u00a0 Nossa frota \u00e9 certificada e equipada [&hellip;]<\/p>\n","protected":false},"author":1,"featured_media":0,"parent":0,"menu_order":0,"comment_status":"closed","ping_status":"closed","template":"elementor_header_footer","meta":{"_joinchat":[],"footnotes":""},"class_list":["post-9104","page","type-page","status-publish","hentry"],"_links":{"self":[{"href":"https:\/\/grupocoruzzi.com.br\/coruzzi\/wp-json\/wp\/v2\/pages\/9104","targetHints":{"allow":["GET"]}}],"collection":[{"href":"https:\/\/grupocoruzzi.com.br\/coruzzi\/wp-json\/wp\/v2\/pages"}],"about":[{"href":"https:\/\/grupocoruzzi.com.br\/coruzzi\/wp-json\/wp\/v2\/types\/page"}],"author":[{"embeddable":true,"href":"https:\/\/grupocoruzzi.com.br\/coruzzi\/wp-json\/wp\/v2\/users\/1"}],"replies":[{"embeddable":true,"href":"https:\/\/grupocoruzzi.com.br\/coruzzi\/wp-json\/wp\/v2\/comments?post=9104"}],"version-history":[{"count":0,"href":"https:\/\/grupocoruzzi.com.br\/coruzzi\/wp-json\/wp\/v2\/pages\/9104\/revisions"}],"wp:attachment":[{"href":"https:\/\/grupocoruzzi.com.br\/coruzzi\/wp-json\/wp\/v2\/media?parent=9104"}],"curies":[{"name":"wp","href":"https:\/\/api.w.org\/{rel}","templated":true}]}}